{"id":491,"date":"2021-05-24T16:12:48","date_gmt":"2021-05-24T16:12:48","guid":{"rendered":"https:\/\/staging.kpitrechiro.com\/?page_id=491"},"modified":"2022-05-05T20:13:15","modified_gmt":"2022-05-05T20:13:15","slug":"trouble-associe-a-une-entorse-cervicale-taec","status":"publish","type":"page","link":"https:\/\/staging.kpitrechiro.com\/index.php\/6-infolettre\/condition-traitees\/trouble-associe-a-une-entorse-cervicale-taec\/","title":{"rendered":"Trouble associ\u00e9 \u00e0 une entorse cervicale (TAEC)"},"content":{"rendered":"\n<p><strong>Qu\u2019est-ce qu\u2019un coup de fouet<\/strong>&nbsp;?<\/p>\n\n\n\n<p>Aussi appel\u00e9 whiplash ou trouble associ\u00e9 \u00e0 une entorse cervicale, le coup de fouet se produit lors d\u2019un mouvement soudain et rapide d\u2019un mouvement d\u2019acc\u00e9l\u00e9ration puis de d\u00e9c\u00e9l\u00e9ration. Ceci se produit surtout lors d\u2019un accident de voiture, mais peut aussi se produire pendant un sport ou une chute. Cet impact cause un choc sur la colonne cervicale qui d\u00e9place le cou au-del\u00e0 de ses points de limite et cause des dommages aux diff\u00e9rents tissus.<\/p>\n\n\n\n<p><strong>Quels sont les sympt\u00f4mes possibles&nbsp;?<\/strong><\/p>\n\n\n\n<p>Il existe 4 diff\u00e9rents grades du syndrome du coup de fouet. Parfois, il est possible de ne pas ressentir des douleurs, mais des dommages peuvent avoir \u00e9t\u00e9 caus\u00e9s sur les diff\u00e9rentes structures du cou. Il est alors important de se faire \u00e9valuer apr\u00e8s un accident de voiture aussi minime qu\u2019il soit. Voici les diff\u00e9rents grades du TAEC&nbsp;:<\/p>\n\n\n\n<ul><li>Grade 0&nbsp;: Il n\u2019y a pas de douleurs pr\u00e9sentes<\/li><li>Grade 1&nbsp;: Pr\u00e9sence de douleurs sans signes physiques objectifs. Les trouvailles \u00e0 l\u2019examen sont des tensions musculaires et des subluxations vert\u00e9brales.<\/li><li>Grade 2&nbsp;: Pr\u00e9sence de douleurs avec des signes physiques (irritation des facettes articulaires, tensions musculaires, subluxations vert\u00e9brales, atteinte ligamentaire, radiculopathie), mais sans pr\u00e9sence de signes neurologiques.<\/li><li>Grade 3&nbsp;: Pr\u00e9sence de douleurs et sympt\u00f4mes neurologiques (perte de force, perte de r\u00e9flexes, perte de sensibilit\u00e9).<\/li><li>Grade 4&nbsp;: Pr\u00e9sence de douleurs avec fracture ou dislocation.<\/li><\/ul>\n\n\n\n<p><strong>Comment est-ce que les chiropraticiens peuvent aider&nbsp;?<\/strong><\/p>\n\n\n\n<p>Le chiropraticien effectuera une anamn\u00e8se (entrevue clinique) compl\u00e8te ainsi qu\u2019un examen physique complet pour d\u00e9terminer dans quel grade le patient est situ\u00e9. Le chiropraticien peut aider pour les grades 0 \u00e0 3. Pour le grade 4, une r\u00e9f\u00e9rence d\u2019urgence en m\u00e9decine sera n\u00e9cessaire. Selon les diff\u00e9rents r\u00e9sultats de son examen, le chiropraticien pourra ensuite entreprendre un plan de traitement et offrir des th\u00e9rapies manuelles (ajustements ou mobilisations), des exercices ainsi que des conseils ergonomiques. Il a \u00e9t\u00e9 d\u00e9montr\u00e9 que cette approche multimodale cit\u00e9e ci-dessus est efficace pour le traitement des troubles associ\u00e9es \u00e0 l\u2019entorse cervicale, qu\u2019elle soit r\u00e9cente ou persistante.<\/p>\n\n\n\n<p>R\u00e9f\u00e9rence&nbsp;: Projet canadien des guides de pratique chiropratique (sommaire des recommandations sur les TAC et&nbsp; TAEC)<\/p>\n","protected":false},"excerpt":{"rendered":"<p>Qu\u2019est-ce qu\u2019un coup de fouet&nbsp;? Aussi appel\u00e9 whiplash ou trouble associ\u00e9 \u00e0 une entorse cervicale, le coup de fouet se produit lors d\u2019un mouvement soudain et rapide d\u2019un mouvement d\u2019acc\u00e9l\u00e9ration puis de d\u00e9c\u00e9l\u00e9ration. Ceci se produit surtout lors d\u2019un accident de voiture, mais peut aussi se produire pendant un sport ou une chute. Cet impact [&hellip;]<\/p>\n","protected":false},"author":1,"featured_media":0,"parent":531,"menu_order":1,"comment_status":"closed","ping_status":"closed","template":"","meta":[],"yoast_head":"<!-- This site is optimized with the Yoast SEO plugin v19.5.1 - https:\/\/yoast.com\/wordpress\/plugins\/seo\/ -->\n<title>Trouble associ\u00e9 \u00e0 une entorse cervicale (TAEC) - Dre Kayla Pitre, chiropraticienne - Centre chiropratique de la sant\u00e9 vert\u00e9brale<\/title>\n<meta name=\"robots\" content=\"index, follow, max-snippet:-1, max-image-preview:large, max-video-preview:-1\" \/>\n<link rel=\"canonical\" href=\"https:\/\/staging.kpitrechiro.com\/index.php\/6-infolettre\/condition-traitees\/trouble-associe-a-une-entorse-cervicale-taec\/\" \/>\n<meta property=\"og:locale\" content=\"fr_FR\" \/>\n<meta property=\"og:type\" content=\"article\" \/>\n<meta property=\"og:title\" content=\"Trouble associ\u00e9 \u00e0 une entorse cervicale (TAEC) - Dre Kayla Pitre, chiropraticienne - Centre chiropratique de la sant\u00e9 vert\u00e9brale\" \/>\n<meta property=\"og:description\" content=\"Qu\u2019est-ce qu\u2019un coup de fouet&nbsp;? Aussi appel\u00e9 whiplash ou trouble associ\u00e9 \u00e0 une entorse cervicale, le coup de fouet se produit lors d\u2019un mouvement soudain et rapide d\u2019un mouvement d\u2019acc\u00e9l\u00e9ration puis de d\u00e9c\u00e9l\u00e9ration. Ceci se produit surtout lors d\u2019un accident de voiture, mais peut aussi se produire pendant un sport ou une chute. Cet impact [&hellip;]\" \/>\n<meta property=\"og:url\" content=\"https:\/\/staging.kpitrechiro.com\/index.php\/6-infolettre\/condition-traitees\/trouble-associe-a-une-entorse-cervicale-taec\/\" \/>\n<meta property=\"og:site_name\" content=\"Dre Kayla Pitre, chiropraticienne - Centre chiropratique de la sant\u00e9 vert\u00e9brale\" \/>\n<meta property=\"article:modified_time\" content=\"2022-05-05T20:13:15+00:00\" \/>\n<meta name=\"twitter:card\" content=\"summary_large_image\" \/>\n<meta name=\"twitter:label1\" content=\"Dur\u00e9e de lecture estim\u00e9e\" \/>\n\t<meta name=\"twitter:data1\" content=\"2 minutes\" \/>\n<script type=\"application\/ld+json\" class=\"yoast-schema-graph\">{\"@context\":\"https:\/\/schema.org\",\"@graph\":[{\"@type\":\"WebPage\",\"@id\":\"https:\/\/staging.kpitrechiro.com\/index.php\/6-infolettre\/condition-traitees\/trouble-associe-a-une-entorse-cervicale-taec\/\",\"url\":\"https:\/\/staging.kpitrechiro.com\/index.php\/6-infolettre\/condition-traitees\/trouble-associe-a-une-entorse-cervicale-taec\/\",\"name\":\"Trouble associ\u00e9 \u00e0 une entorse cervicale (TAEC) - Dre Kayla Pitre, chiropraticienne - Centre chiropratique de la sant\u00e9 vert\u00e9brale\",\"isPartOf\":{\"@id\":\"https:\/\/staging.kpitrechiro.com\/#website\"},\"datePublished\":\"2021-05-24T16:12:48+00:00\",\"dateModified\":\"2022-05-05T20:13:15+00:00\",\"breadcrumb\":{\"@id\":\"https:\/\/staging.kpitrechiro.com\/index.php\/6-infolettre\/condition-traitees\/trouble-associe-a-une-entorse-cervicale-taec\/#breadcrumb\"},\"inLanguage\":\"fr-FR\",\"potentialAction\":[{\"@type\":\"ReadAction\",\"target\":[\"https:\/\/staging.kpitrechiro.com\/index.php\/6-infolettre\/condition-traitees\/trouble-associe-a-une-entorse-cervicale-taec\/\"]}]},{\"@type\":\"BreadcrumbList\",\"@id\":\"https:\/\/staging.kpitrechiro.com\/index.php\/6-infolettre\/condition-traitees\/trouble-associe-a-une-entorse-cervicale-taec\/#breadcrumb\",\"itemListElement\":[{\"@type\":\"ListItem\",\"position\":1,\"name\":\"Accueil\",\"item\":\"https:\/\/staging.kpitrechiro.com\/\"},{\"@type\":\"ListItem\",\"position\":2,\"name\":\"Articles infolettre\",\"item\":\"https:\/\/staging.kpitrechiro.com\/index.php\/6-infolettre\/\"},{\"@type\":\"ListItem\",\"position\":3,\"name\":\"Condition trait\u00e9es\",\"item\":\"https:\/\/staging.kpitrechiro.com\/index.php\/6-infolettre\/condition-traitees\/\"},{\"@type\":\"ListItem\",\"position\":4,\"name\":\"Trouble associ\u00e9 \u00e0 une entorse cervicale (TAEC)\"}]},{\"@type\":\"WebSite\",\"@id\":\"https:\/\/staging.kpitrechiro.com\/#website\",\"url\":\"https:\/\/staging.kpitrechiro.com\/\",\"name\":\"Dre Kayla Pitre, chiropraticienne - Centre chiropratique de la sant\u00e9 vert\u00e9brale\",\"description\":\"Soyez la meilleure version de vous-m\u00eame !\",\"publisher\":{\"@id\":\"https:\/\/staging.kpitrechiro.com\/#organization\"},\"potentialAction\":[{\"@type\":\"SearchAction\",\"target\":{\"@type\":\"EntryPoint\",\"urlTemplate\":\"https:\/\/staging.kpitrechiro.com\/?s={search_term_string}\"},\"query-input\":\"required name=search_term_string\"}],\"inLanguage\":\"fr-FR\"},{\"@type\":\"Organization\",\"@id\":\"https:\/\/staging.kpitrechiro.com\/#organization\",\"name\":\"Dre Kayla Pitre, chiropraticienne - Centre chiropratique de la sant\u00e9 vert\u00e9brale\",\"url\":\"https:\/\/staging.kpitrechiro.com\/\",\"sameAs\":[],\"logo\":{\"@type\":\"ImageObject\",\"inLanguage\":\"fr-FR\",\"@id\":\"https:\/\/staging.kpitrechiro.com\/#\/schema\/logo\/image\/\",\"url\":\"https:\/\/staging.kpitrechiro.com\/wp-content\/uploads\/2020\/11\/cropped-LOGO-paint-fond-PNG-2.png\",\"contentUrl\":\"https:\/\/staging.kpitrechiro.com\/wp-content\/uploads\/2020\/11\/cropped-LOGO-paint-fond-PNG-2.png\",\"width\":712,\"height\":606,\"caption\":\"Dre Kayla Pitre, chiropraticienne - Centre chiropratique de la sant\u00e9 vert\u00e9brale\"},\"image\":{\"@id\":\"https:\/\/staging.kpitrechiro.com\/#\/schema\/logo\/image\/\"}}]}<\/script>\n<!-- \/ Yoast SEO plugin. -->","yoast_head_json":{"title":"Trouble associ\u00e9 \u00e0 une entorse cervicale (TAEC) - Dre Kayla Pitre, chiropraticienne - Centre chiropratique de la sant\u00e9 vert\u00e9brale","robots":{"index":"index","follow":"follow","max-snippet":"max-snippet:-1","max-image-preview":"max-image-preview:large","max-video-preview":"max-video-preview:-1"},"canonical":"https:\/\/staging.kpitrechiro.com\/index.php\/6-infolettre\/condition-traitees\/trouble-associe-a-une-entorse-cervicale-taec\/","og_locale":"fr_FR","og_type":"article","og_title":"Trouble associ\u00e9 \u00e0 une entorse cervicale (TAEC) - Dre Kayla Pitre, chiropraticienne - Centre chiropratique de la sant\u00e9 vert\u00e9brale","og_description":"Qu\u2019est-ce qu\u2019un coup de fouet&nbsp;? Aussi appel\u00e9 whiplash ou trouble associ\u00e9 \u00e0 une entorse cervicale, le coup de fouet se produit lors d\u2019un mouvement soudain et rapide d\u2019un mouvement d\u2019acc\u00e9l\u00e9ration puis de d\u00e9c\u00e9l\u00e9ration. Ceci se produit surtout lors d\u2019un accident de voiture, mais peut aussi se produire pendant un sport ou une chute. Cet impact [&hellip;]","og_url":"https:\/\/staging.kpitrechiro.com\/index.php\/6-infolettre\/condition-traitees\/trouble-associe-a-une-entorse-cervicale-taec\/","og_site_name":"Dre Kayla Pitre, chiropraticienne - Centre chiropratique de la sant\u00e9 vert\u00e9brale","article_modified_time":"2022-05-05T20:13:15+00:00","twitter_card":"summary_large_image","twitter_misc":{"Dur\u00e9e de lecture estim\u00e9e":"2 minutes"},"schema":{"@context":"https:\/\/schema.org","@graph":[{"@type":"WebPage","@id":"https:\/\/staging.kpitrechiro.com\/index.php\/6-infolettre\/condition-traitees\/trouble-associe-a-une-entorse-cervicale-taec\/","url":"https:\/\/staging.kpitrechiro.com\/index.php\/6-infolettre\/condition-traitees\/trouble-associe-a-une-entorse-cervicale-taec\/","name":"Trouble associ\u00e9 \u00e0 une entorse cervicale (TAEC) - Dre Kayla Pitre, chiropraticienne - Centre chiropratique de la sant\u00e9 vert\u00e9brale","isPartOf":{"@id":"https:\/\/staging.kpitrechiro.com\/#website"},"datePublished":"2021-05-24T16:12:48+00:00","dateModified":"2022-05-05T20:13:15+00:00","breadcrumb":{"@id":"https:\/\/staging.kpitrechiro.com\/index.php\/6-infolettre\/condition-traitees\/trouble-associe-a-une-entorse-cervicale-taec\/#breadcrumb"},"inLanguage":"fr-FR","potentialAction":[{"@type":"ReadAction","target":["https:\/\/staging.kpitrechiro.com\/index.php\/6-infolettre\/condition-traitees\/trouble-associe-a-une-entorse-cervicale-taec\/"]}]},{"@type":"BreadcrumbList","@id":"https:\/\/staging.kpitrechiro.com\/index.php\/6-infolettre\/condition-traitees\/trouble-associe-a-une-entorse-cervicale-taec\/#breadcrumb","itemListElement":[{"@type":"ListItem","position":1,"name":"Accueil","item":"https:\/\/staging.kpitrechiro.com\/"},{"@type":"ListItem","position":2,"name":"Articles infolettre","item":"https:\/\/staging.kpitrechiro.com\/index.php\/6-infolettre\/"},{"@type":"ListItem","position":3,"name":"Condition trait\u00e9es","item":"https:\/\/staging.kpitrechiro.com\/index.php\/6-infolettre\/condition-traitees\/"},{"@type":"ListItem","position":4,"name":"Trouble associ\u00e9 \u00e0 une entorse cervicale (TAEC)"}]},{"@type":"WebSite","@id":"https:\/\/staging.kpitrechiro.com\/#website","url":"https:\/\/staging.kpitrechiro.com\/","name":"Dre Kayla Pitre, chiropraticienne - Centre chiropratique de la sant\u00e9 vert\u00e9brale","description":"Soyez la meilleure version de vous-m\u00eame !","publisher":{"@id":"https:\/\/staging.kpitrechiro.com\/#organization"},"potentialAction":[{"@type":"SearchAction","target":{"@type":"EntryPoint","urlTemplate":"https:\/\/staging.kpitrechiro.com\/?s={search_term_string}"},"query-input":"required name=search_term_string"}],"inLanguage":"fr-FR"},{"@type":"Organization","@id":"https:\/\/staging.kpitrechiro.com\/#organization","name":"Dre Kayla Pitre, chiropraticienne - Centre chiropratique de la sant\u00e9 vert\u00e9brale","url":"https:\/\/staging.kpitrechiro.com\/","sameAs":[],"logo":{"@type":"ImageObject","inLanguage":"fr-FR","@id":"https:\/\/staging.kpitrechiro.com\/#\/schema\/logo\/image\/","url":"https:\/\/staging.kpitrechiro.com\/wp-content\/uploads\/2020\/11\/cropped-LOGO-paint-fond-PNG-2.png","contentUrl":"https:\/\/staging.kpitrechiro.com\/wp-content\/uploads\/2020\/11\/cropped-LOGO-paint-fond-PNG-2.png","width":712,"height":606,"caption":"Dre Kayla Pitre, chiropraticienne - Centre chiropratique de la sant\u00e9 vert\u00e9brale"},"image":{"@id":"https:\/\/staging.kpitrechiro.com\/#\/schema\/logo\/image\/"}}]}},"_links":{"self":[{"href":"https:\/\/staging.kpitrechiro.com\/index.php\/wp-json\/wp\/v2\/pages\/491"}],"collection":[{"href":"https:\/\/staging.kpitrechiro.com\/index.php\/wp-json\/wp\/v2\/pages"}],"about":[{"href":"https:\/\/staging.kpitrechiro.com\/index.php\/wp-json\/wp\/v2\/types\/page"}],"author":[{"embeddable":true,"href":"https:\/\/staging.kpitrechiro.com\/index.php\/wp-json\/wp\/v2\/users\/1"}],"replies":[{"embeddable":true,"href":"https:\/\/staging.kpitrechiro.com\/index.php\/wp-json\/wp\/v2\/comments?post=491"}],"version-history":[{"count":2,"href":"https:\/\/staging.kpitrechiro.com\/index.php\/wp-json\/wp\/v2\/pages\/491\/revisions"}],"predecessor-version":[{"id":808,"href":"https:\/\/staging.kpitrechiro.com\/index.php\/wp-json\/wp\/v2\/pages\/491\/revisions\/808"}],"up":[{"embeddable":true,"href":"https:\/\/staging.kpitrechiro.com\/index.php\/wp-json\/wp\/v2\/pages\/531"}],"wp:attachment":[{"href":"https:\/\/staging.kpitrechiro.com\/index.php\/wp-json\/wp\/v2\/media?parent=491"}],"curies":[{"name":"wp","href":"https:\/\/api.w.org\/{rel}","templated":true}]}}