{"id":653,"date":"2021-10-26T16:27:13","date_gmt":"2021-10-26T16:27:13","guid":{"rendered":"https:\/\/staging.kpitrechiro.com\/?page_id=653"},"modified":"2022-06-02T16:21:11","modified_gmt":"2022-06-02T16:21:11","slug":"ressources-patients","status":"publish","type":"page","link":"https:\/\/staging.kpitrechiro.com\/index.php\/ressources-patients\/","title":{"rendered":"Ressources patients"},"content":{"rendered":"\n<h2>Le travail \u00e0 l&rsquo;ordinateur<\/h2>\n\n\n\n<div class=\"wp-block-file aligncenter\"><a href=\"https:\/\/staging.kpitrechiro.com\/wp-content\/uploads\/2021\/10\/Ergonomie-au-travail.pdf\">Conseils ergonomiques<br>pour le travail \u00e0 l&rsquo;ordinateur<\/a><a href=\"https:\/\/staging.kpitrechiro.com\/wp-content\/uploads\/2021\/10\/Ergonomie-au-travail.pdf\" class=\"wp-block-file__button\" download><span class=\"has-inline-color has-background-color\">T\u00e9l\u00e9charger<\/span><\/a><\/div>\n\n\n\n<h2>Le sac \u00e0 dos<\/h2>\n\n\n\n<div class=\"wp-block-file aligncenter\"><a href=\"https:\/\/staging.kpitrechiro.com\/wp-content\/uploads\/2022\/06\/Sac-a-dos-Chirotruc-AJUSTER-Fb.jpg\">Bien ajuster son sac \u00e0 dos<\/a><a href=\"https:\/\/staging.kpitrechiro.com\/wp-content\/uploads\/2022\/06\/Sac-a-dos-Chirotruc-AJUSTER-Fb.jpg\" class=\"wp-block-file__button\" download><span class=\"has-inline-color has-background-color\">T\u00e9l\u00e9charger<\/span><\/a><\/div>\n\n\n\n<div class=\"wp-block-file aligncenter\"><a href=\"https:\/\/staging.kpitrechiro.com\/wp-content\/uploads\/2022\/06\/Sac-a-dos-Chirotruc-ENFILER-Fb.jpg\">Bien enfiler son sac \u00e0 dos<\/a><a href=\"https:\/\/staging.kpitrechiro.com\/wp-content\/uploads\/2022\/06\/Sac-a-dos-Chirotruc-ENFILER-Fb.jpg\" class=\"wp-block-file__button\" download><span class=\"has-inline-color has-background-color\">T\u00e9l\u00e9charger<\/span><\/a><\/div>\n\n\n\n<div class=\"wp-block-file aligncenter\"><a href=\"https:\/\/staging.kpitrechiro.com\/wp-content\/uploads\/2022\/06\/Sac-a-dos-Chirotruc-REMPLIR-Fb.jpg\">Bien remplir son sac \u00e0 dos<\/a><a href=\"https:\/\/staging.kpitrechiro.com\/wp-content\/uploads\/2022\/06\/Sac-a-dos-Chirotruc-REMPLIR-Fb.jpg\" class=\"wp-block-file__button\" download><span class=\"has-inline-color has-background-color\">T\u00e9l\u00e9charger<\/span><\/a><\/div>\n\n\n\n<div class=\"wp-block-file aligncenter\"><a href=\"https:\/\/staging.kpitrechiro.com\/wp-content\/uploads\/2022\/06\/Sac-a-dos-Chirotruc-CHOISIR-Fb.jpg\">Bien choisir son sac \u00e0 dos<\/a><a href=\"https:\/\/staging.kpitrechiro.com\/wp-content\/uploads\/2022\/06\/Sac-a-dos-Chirotruc-CHOISIR-Fb.jpg\" class=\"wp-block-file__button\" download><span class=\"has-inline-color has-background-color\">T\u00e9l\u00e9charger<\/span><\/a><\/div>\n\n\n\n<h2>Autres services<\/h2>\n\n\n\n<h4 class=\"has-text-align-center\">Massoth\u00e9rapie<\/h4>\n\n\n\n<div class=\"wp-block-image\"><figure class=\"aligncenter size-large\"><img loading=\"lazy\" width=\"525\" height=\"345\" src=\"https:\/\/staging.kpitrechiro.com\/wp-content\/uploads\/2021\/10\/masso-2.png\" alt=\"\" class=\"wp-image-667\" srcset=\"https:\/\/staging.kpitrechiro.com\/wp-content\/uploads\/2021\/10\/masso-2.png 525w, https:\/\/staging.kpitrechiro.com\/wp-content\/uploads\/2021\/10\/masso-2-300x197.png 300w\" sizes=\"(max-width: 525px) 100vw, 525px\" \/><figcaption>Nous offrons un service de massoth\u00e9rapie \u00e0 la clinique. N&rsquo;h\u00e9sitez pas \u00e0 nous appeler pour prendre rendez-vous<\/figcaption><\/figure><\/div>\n\n\n\n<h4 class=\"has-text-align-center\">Naturopathie<\/h4>\n\n\n\n<div class=\"wp-block-image\"><figure class=\"aligncenter size-large\"><img loading=\"lazy\" width=\"314\" height=\"209\" src=\"https:\/\/staging.kpitrechiro.com\/wp-content\/uploads\/2021\/10\/image.png\" alt=\"\" class=\"wp-image-665\" srcset=\"https:\/\/staging.kpitrechiro.com\/wp-content\/uploads\/2021\/10\/image.png 314w, https:\/\/staging.kpitrechiro.com\/wp-content\/uploads\/2021\/10\/image-300x200.png 300w\" sizes=\"(max-width: 314px) 100vw, 314px\" \/><figcaption>Des recommandations personnalis\u00e9es sont possibles. Leur mission est de proposer des produits naturels (plantes m\u00e9dicinales et suppl\u00e9ments alimentaires) pour ceux qui recherchent des solutions douces pour soulager leurs maux. Vous pouvez \u00e9galement prendre rendez-vous pour des consultations en naturopathie. Visitez leur site internet pour trouver ce qui r\u00e9pond \u00e0 votre besoin: <a rel=\"noreferrer noopener\" href=\"http:\/\/www.naturosendey.com\/\" target=\"_blank\">www.naturosendey.com<\/a><\/figcaption><\/figure><\/div>\n","protected":false},"excerpt":{"rendered":"<p>Le travail \u00e0 l&rsquo;ordinateur Le sac \u00e0 dos Autres services Massoth\u00e9rapie Naturopathie<\/p>\n","protected":false},"author":1,"featured_media":0,"parent":0,"menu_order":0,"comment_status":"closed","ping_status":"closed","template":"","meta":[],"yoast_head":"<!-- This site is optimized with the Yoast SEO plugin v19.5.1 - https:\/\/yoast.com\/wordpress\/plugins\/seo\/ -->\n<title>Ressources patients - Dre Kayla Pitre, chiropraticienne - Centre chiropratique de la sant\u00e9 vert\u00e9brale<\/title>\n<meta name=\"robots\" content=\"index, follow, max-snippet:-1, max-image-preview:large, max-video-preview:-1\" \/>\n<link rel=\"canonical\" href=\"https:\/\/staging.kpitrechiro.com\/index.php\/ressources-patients\/\" \/>\n<meta property=\"og:locale\" content=\"fr_FR\" \/>\n<meta property=\"og:type\" content=\"article\" \/>\n<meta property=\"og:title\" content=\"Ressources patients - Dre Kayla Pitre, chiropraticienne - Centre chiropratique de la sant\u00e9 vert\u00e9brale\" \/>\n<meta property=\"og:description\" content=\"Le travail \u00e0 l&rsquo;ordinateur Le sac \u00e0 dos Autres services Massoth\u00e9rapie Naturopathie\" \/>\n<meta property=\"og:url\" content=\"https:\/\/staging.kpitrechiro.com\/index.php\/ressources-patients\/\" \/>\n<meta property=\"og:site_name\" content=\"Dre Kayla Pitre, chiropraticienne - Centre chiropratique de la sant\u00e9 vert\u00e9brale\" \/>\n<meta property=\"article:modified_time\" content=\"2022-06-02T16:21:11+00:00\" \/>\n<meta property=\"og:image\" content=\"https:\/\/staging.kpitrechiro.com\/wp-content\/uploads\/2021\/10\/masso-2.png\" \/>\n<meta name=\"twitter:card\" content=\"summary_large_image\" \/>\n<meta name=\"twitter:label1\" content=\"Dur\u00e9e de lecture estim\u00e9e\" \/>\n\t<meta name=\"twitter:data1\" content=\"1 minute\" \/>\n<script type=\"application\/ld+json\" class=\"yoast-schema-graph\">{\"@context\":\"https:\/\/schema.org\",\"@graph\":[{\"@type\":\"WebPage\",\"@id\":\"https:\/\/staging.kpitrechiro.com\/index.php\/ressources-patients\/\",\"url\":\"https:\/\/staging.kpitrechiro.com\/index.php\/ressources-patients\/\",\"name\":\"Ressources patients - Dre Kayla Pitre, chiropraticienne - Centre chiropratique de la sant\u00e9 vert\u00e9brale\",\"isPartOf\":{\"@id\":\"https:\/\/staging.kpitrechiro.com\/#website\"},\"datePublished\":\"2021-10-26T16:27:13+00:00\",\"dateModified\":\"2022-06-02T16:21:11+00:00\",\"breadcrumb\":{\"@id\":\"https:\/\/staging.kpitrechiro.com\/index.php\/ressources-patients\/#breadcrumb\"},\"inLanguage\":\"fr-FR\",\"potentialAction\":[{\"@type\":\"ReadAction\",\"target\":[\"https:\/\/staging.kpitrechiro.com\/index.php\/ressources-patients\/\"]}]},{\"@type\":\"BreadcrumbList\",\"@id\":\"https:\/\/staging.kpitrechiro.com\/index.php\/ressources-patients\/#breadcrumb\",\"itemListElement\":[{\"@type\":\"ListItem\",\"position\":1,\"name\":\"Accueil\",\"item\":\"https:\/\/staging.kpitrechiro.com\/\"},{\"@type\":\"ListItem\",\"position\":2,\"name\":\"Ressources patients\"}]},{\"@type\":\"WebSite\",\"@id\":\"https:\/\/staging.kpitrechiro.com\/#website\",\"url\":\"https:\/\/staging.kpitrechiro.com\/\",\"name\":\"Dre Kayla Pitre, chiropraticienne - Centre chiropratique de la sant\u00e9 vert\u00e9brale\",\"description\":\"Soyez la meilleure version de vous-m\u00eame !\",\"publisher\":{\"@id\":\"https:\/\/staging.kpitrechiro.com\/#organization\"},\"potentialAction\":[{\"@type\":\"SearchAction\",\"target\":{\"@type\":\"EntryPoint\",\"urlTemplate\":\"https:\/\/staging.kpitrechiro.com\/?s={search_term_string}\"},\"query-input\":\"required name=search_term_string\"}],\"inLanguage\":\"fr-FR\"},{\"@type\":\"Organization\",\"@id\":\"https:\/\/staging.kpitrechiro.com\/#organization\",\"name\":\"Dre Kayla Pitre, chiropraticienne - Centre chiropratique de la sant\u00e9 vert\u00e9brale\",\"url\":\"https:\/\/staging.kpitrechiro.com\/\",\"sameAs\":[],\"logo\":{\"@type\":\"ImageObject\",\"inLanguage\":\"fr-FR\",\"@id\":\"https:\/\/staging.kpitrechiro.com\/#\/schema\/logo\/image\/\",\"url\":\"https:\/\/staging.kpitrechiro.com\/wp-content\/uploads\/2020\/11\/cropped-LOGO-paint-fond-PNG-2.png\",\"contentUrl\":\"https:\/\/staging.kpitrechiro.com\/wp-content\/uploads\/2020\/11\/cropped-LOGO-paint-fond-PNG-2.png\",\"width\":712,\"height\":606,\"caption\":\"Dre Kayla Pitre, chiropraticienne - Centre chiropratique de la sant\u00e9 vert\u00e9brale\"},\"image\":{\"@id\":\"https:\/\/staging.kpitrechiro.com\/#\/schema\/logo\/image\/\"}}]}<\/script>\n<!-- \/ Yoast SEO plugin. -->","yoast_head_json":{"title":"Ressources patients - Dre Kayla Pitre, chiropraticienne - Centre chiropratique de la sant\u00e9 vert\u00e9brale","robots":{"index":"index","follow":"follow","max-snippet":"max-snippet:-1","max-image-preview":"max-image-preview:large","max-video-preview":"max-video-preview:-1"},"canonical":"https:\/\/staging.kpitrechiro.com\/index.php\/ressources-patients\/","og_locale":"fr_FR","og_type":"article","og_title":"Ressources patients - Dre Kayla Pitre, chiropraticienne - Centre chiropratique de la sant\u00e9 vert\u00e9brale","og_description":"Le travail \u00e0 l&rsquo;ordinateur Le sac \u00e0 dos Autres services Massoth\u00e9rapie Naturopathie","og_url":"https:\/\/staging.kpitrechiro.com\/index.php\/ressources-patients\/","og_site_name":"Dre Kayla Pitre, chiropraticienne - Centre chiropratique de la sant\u00e9 vert\u00e9brale","article_modified_time":"2022-06-02T16:21:11+00:00","og_image":[{"url":"https:\/\/staging.kpitrechiro.com\/wp-content\/uploads\/2021\/10\/masso-2.png"}],"twitter_card":"summary_large_image","twitter_misc":{"Dur\u00e9e de lecture estim\u00e9e":"1 minute"},"schema":{"@context":"https:\/\/schema.org","@graph":[{"@type":"WebPage","@id":"https:\/\/staging.kpitrechiro.com\/index.php\/ressources-patients\/","url":"https:\/\/staging.kpitrechiro.com\/index.php\/ressources-patients\/","name":"Ressources patients - Dre Kayla Pitre, chiropraticienne - Centre chiropratique de la sant\u00e9 vert\u00e9brale","isPartOf":{"@id":"https:\/\/staging.kpitrechiro.com\/#website"},"datePublished":"2021-10-26T16:27:13+00:00","dateModified":"2022-06-02T16:21:11+00:00","breadcrumb":{"@id":"https:\/\/staging.kpitrechiro.com\/index.php\/ressources-patients\/#breadcrumb"},"inLanguage":"fr-FR","potentialAction":[{"@type":"ReadAction","target":["https:\/\/staging.kpitrechiro.com\/index.php\/ressources-patients\/"]}]},{"@type":"BreadcrumbList","@id":"https:\/\/staging.kpitrechiro.com\/index.php\/ressources-patients\/#breadcrumb","itemListElement":[{"@type":"ListItem","position":1,"name":"Accueil","item":"https:\/\/staging.kpitrechiro.com\/"},{"@type":"ListItem","position":2,"name":"Ressources patients"}]},{"@type":"WebSite","@id":"https:\/\/staging.kpitrechiro.com\/#website","url":"https:\/\/staging.kpitrechiro.com\/","name":"Dre Kayla Pitre, chiropraticienne - Centre chiropratique de la sant\u00e9 vert\u00e9brale","description":"Soyez la meilleure version de vous-m\u00eame !","publisher":{"@id":"https:\/\/staging.kpitrechiro.com\/#organization"},"potentialAction":[{"@type":"SearchAction","target":{"@type":"EntryPoint","urlTemplate":"https:\/\/staging.kpitrechiro.com\/?s={search_term_string}"},"query-input":"required name=search_term_string"}],"inLanguage":"fr-FR"},{"@type":"Organization","@id":"https:\/\/staging.kpitrechiro.com\/#organization","name":"Dre Kayla Pitre, chiropraticienne - Centre chiropratique de la sant\u00e9 vert\u00e9brale","url":"https:\/\/staging.kpitrechiro.com\/","sameAs":[],"logo":{"@type":"ImageObject","inLanguage":"fr-FR","@id":"https:\/\/staging.kpitrechiro.com\/#\/schema\/logo\/image\/","url":"https:\/\/staging.kpitrechiro.com\/wp-content\/uploads\/2020\/11\/cropped-LOGO-paint-fond-PNG-2.png","contentUrl":"https:\/\/staging.kpitrechiro.com\/wp-content\/uploads\/2020\/11\/cropped-LOGO-paint-fond-PNG-2.png","width":712,"height":606,"caption":"Dre Kayla Pitre, chiropraticienne - Centre chiropratique de la sant\u00e9 vert\u00e9brale"},"image":{"@id":"https:\/\/staging.kpitrechiro.com\/#\/schema\/logo\/image\/"}}]}},"_links":{"self":[{"href":"https:\/\/staging.kpitrechiro.com\/index.php\/wp-json\/wp\/v2\/pages\/653"}],"collection":[{"href":"https:\/\/staging.kpitrechiro.com\/index.php\/wp-json\/wp\/v2\/pages"}],"about":[{"href":"https:\/\/staging.kpitrechiro.com\/index.php\/wp-json\/wp\/v2\/types\/page"}],"author":[{"embeddable":true,"href":"https:\/\/staging.kpitrechiro.com\/index.php\/wp-json\/wp\/v2\/users\/1"}],"replies":[{"embeddable":true,"href":"https:\/\/staging.kpitrechiro.com\/index.php\/wp-json\/wp\/v2\/comments?post=653"}],"version-history":[{"count":12,"href":"https:\/\/staging.kpitrechiro.com\/index.php\/wp-json\/wp\/v2\/pages\/653\/revisions"}],"predecessor-version":[{"id":837,"href":"https:\/\/staging.kpitrechiro.com\/index.php\/wp-json\/wp\/v2\/pages\/653\/revisions\/837"}],"wp:attachment":[{"href":"https:\/\/staging.kpitrechiro.com\/index.php\/wp-json\/wp\/v2\/media?parent=653"}],"curies":[{"name":"wp","href":"https:\/\/api.w.org\/{rel}","templated":true}]}}