{"id":687,"date":"2022-02-03T16:33:38","date_gmt":"2022-02-03T16:33:38","guid":{"rendered":"https:\/\/staging.kpitrechiro.com\/?page_id=687"},"modified":"2022-05-05T20:22:06","modified_gmt":"2022-05-05T20:22:06","slug":"les-problemes-de-machoire-larticulation-temporo-mandibulaire-atm","status":"publish","type":"page","link":"https:\/\/staging.kpitrechiro.com\/index.php\/6-infolettre\/condition-traitees\/les-problemes-de-machoire-larticulation-temporo-mandibulaire-atm\/","title":{"rendered":"Les probl\u00e8mes de m\u00e2choire (l\u2019articulation temporo-mandibulaire (ATM))"},"content":{"rendered":"\n<div class=\"wp-block-image\"><figure class=\"aligncenter size-large\"><img loading=\"lazy\" width=\"500\" height=\"909\" src=\"https:\/\/staging.kpitrechiro.com\/wp-content\/uploads\/2022\/05\/atm.png\" alt=\"\" class=\"wp-image-816\" srcset=\"https:\/\/staging.kpitrechiro.com\/wp-content\/uploads\/2022\/05\/atm.png 500w, https:\/\/staging.kpitrechiro.com\/wp-content\/uploads\/2022\/05\/atm-165x300.png 165w\" sizes=\"(max-width: 500px) 100vw, 500px\" \/><\/figure><\/div>\n\n\n\n<p><strong>Quelles sont les causes possibles&nbsp;:<\/strong><\/p>\n\n\n\n<ul><li>Bruxisme\/serrement des dents<\/li><li>Tensions musculaires des muscles de la r\u00e9gion<\/li><li>Traumatisme<\/li><li>Stress<\/li><li>Conditions dentaires<\/li><li>Conditions inflammatoires<\/li><li>D\u00e9rangement discale de l\u2019ATM<\/li><li>Hyper ou hypomobilit\u00e9<\/li><\/ul>\n\n\n\n<p><strong>Quels sont les signes et sympt\u00f4mes&nbsp;?<\/strong><\/p>\n\n\n\n<ul><li>Douleur \u00e0 l\u2019ATM, au visage, aux oreilles ou au cou<\/li><li>Maux de t\u00eates<\/li><li>Douleur \u00e0 la mastication ou au b\u00e2illement<\/li><li>Limitation dans les mouvements de l\u2019ATM<\/li><li>Claquement ou grincement lors de l\u2019ouverture ou la fermeture de la bouche<\/li><\/ul>\n\n\n\n<p><strong>Comment la chiropratique peut aider avec les troubles d\u2019ATM&nbsp;?<\/strong><\/p>\n\n\n\n<p>Apr\u00e8s avoir fait une entrevue clinique et un examen complet, le chiropraticien sera en mesure de d\u00e9terminer un plan de traitement. Si la condition est hors du champs de pratique du chiropraticien, celui-ci sera en mesure de r\u00e9f\u00e9rer au bon professionnel. Parmi son coffre d\u2019outils, voici les \u00e9l\u00e9ments que le chiropraticien peut proposer afin de traiter les douleurs \u00e0 l\u2019ATM&nbsp;:<\/p>\n\n\n\n<ul><li>Travail musculaire des muscles de la r\u00e9gion ( mass\u00e9ters, pt\u00e9rygo\u00efdiens, sous-occipitaux, digastriques, temporaux)<\/li><li>Ajustement chiropratique du cou<\/li><li>Ajustement chiropratique\/mobilisation de l\u2019ATM<\/li><li>Exercices<\/li><li>Conseils ergonomiques (r\u00e9duction du stress, correction postural etc\u2026)<\/li><\/ul>\n\n\n\n<p>75% des patients qui suivent les recommandations voient leurs sympt\u00f4mes disparaitre en 3 mois.<\/p>\n","protected":false},"excerpt":{"rendered":"<p>Quelles sont les causes possibles&nbsp;: Bruxisme\/serrement des dents Tensions musculaires des muscles de la r\u00e9gion Traumatisme Stress Conditions dentaires Conditions inflammatoires D\u00e9rangement discale de l\u2019ATM Hyper ou hypomobilit\u00e9 Quels sont les signes et sympt\u00f4mes&nbsp;? Douleur \u00e0 l\u2019ATM, au visage, aux oreilles ou au cou Maux de t\u00eates Douleur \u00e0 la mastication ou au b\u00e2illement Limitation [&hellip;]<\/p>\n","protected":false},"author":1,"featured_media":0,"parent":531,"menu_order":0,"comment_status":"closed","ping_status":"closed","template":"","meta":[],"yoast_head":"<!-- This site is optimized with the Yoast SEO plugin v19.5.1 - https:\/\/yoast.com\/wordpress\/plugins\/seo\/ -->\n<title>Les probl\u00e8mes de m\u00e2choire (l\u2019articulation temporo-mandibulaire (ATM)) - Dre Kayla Pitre, chiropraticienne - Centre chiropratique de la sant\u00e9 vert\u00e9brale<\/title>\n<meta name=\"robots\" content=\"index, follow, max-snippet:-1, max-image-preview:large, max-video-preview:-1\" \/>\n<link rel=\"canonical\" href=\"https:\/\/staging.kpitrechiro.com\/index.php\/6-infolettre\/condition-traitees\/les-problemes-de-machoire-larticulation-temporo-mandibulaire-atm\/\" \/>\n<meta property=\"og:locale\" content=\"fr_FR\" \/>\n<meta property=\"og:type\" content=\"article\" \/>\n<meta property=\"og:title\" content=\"Les probl\u00e8mes de m\u00e2choire (l\u2019articulation temporo-mandibulaire (ATM)) - Dre Kayla Pitre, chiropraticienne - Centre chiropratique de la sant\u00e9 vert\u00e9brale\" \/>\n<meta property=\"og:description\" content=\"Quelles sont les causes possibles&nbsp;: Bruxisme\/serrement des dents Tensions musculaires des muscles de la r\u00e9gion Traumatisme Stress Conditions dentaires Conditions inflammatoires D\u00e9rangement discale de l\u2019ATM Hyper ou hypomobilit\u00e9 Quels sont les signes et sympt\u00f4mes&nbsp;? Douleur \u00e0 l\u2019ATM, au visage, aux oreilles ou au cou Maux de t\u00eates Douleur \u00e0 la mastication ou au b\u00e2illement Limitation [&hellip;]\" \/>\n<meta property=\"og:url\" content=\"https:\/\/staging.kpitrechiro.com\/index.php\/6-infolettre\/condition-traitees\/les-problemes-de-machoire-larticulation-temporo-mandibulaire-atm\/\" \/>\n<meta property=\"og:site_name\" content=\"Dre Kayla Pitre, chiropraticienne - Centre chiropratique de la sant\u00e9 vert\u00e9brale\" \/>\n<meta property=\"article:modified_time\" content=\"2022-05-05T20:22:06+00:00\" \/>\n<meta property=\"og:image\" content=\"https:\/\/staging.kpitrechiro.com\/wp-content\/uploads\/2022\/05\/atm.png\" \/>\n<meta name=\"twitter:card\" content=\"summary_large_image\" \/>\n<meta name=\"twitter:label1\" content=\"Dur\u00e9e de lecture estim\u00e9e\" \/>\n\t<meta name=\"twitter:data1\" content=\"1 minute\" \/>\n<script type=\"application\/ld+json\" class=\"yoast-schema-graph\">{\"@context\":\"https:\/\/schema.org\",\"@graph\":[{\"@type\":\"WebPage\",\"@id\":\"https:\/\/staging.kpitrechiro.com\/index.php\/6-infolettre\/condition-traitees\/les-problemes-de-machoire-larticulation-temporo-mandibulaire-atm\/\",\"url\":\"https:\/\/staging.kpitrechiro.com\/index.php\/6-infolettre\/condition-traitees\/les-problemes-de-machoire-larticulation-temporo-mandibulaire-atm\/\",\"name\":\"Les probl\u00e8mes de m\u00e2choire (l\u2019articulation temporo-mandibulaire (ATM)) - Dre Kayla Pitre, chiropraticienne - Centre chiropratique de la sant\u00e9 vert\u00e9brale\",\"isPartOf\":{\"@id\":\"https:\/\/staging.kpitrechiro.com\/#website\"},\"datePublished\":\"2022-02-03T16:33:38+00:00\",\"dateModified\":\"2022-05-05T20:22:06+00:00\",\"breadcrumb\":{\"@id\":\"https:\/\/staging.kpitrechiro.com\/index.php\/6-infolettre\/condition-traitees\/les-problemes-de-machoire-larticulation-temporo-mandibulaire-atm\/#breadcrumb\"},\"inLanguage\":\"fr-FR\",\"potentialAction\":[{\"@type\":\"ReadAction\",\"target\":[\"https:\/\/staging.kpitrechiro.com\/index.php\/6-infolettre\/condition-traitees\/les-problemes-de-machoire-larticulation-temporo-mandibulaire-atm\/\"]}]},{\"@type\":\"BreadcrumbList\",\"@id\":\"https:\/\/staging.kpitrechiro.com\/index.php\/6-infolettre\/condition-traitees\/les-problemes-de-machoire-larticulation-temporo-mandibulaire-atm\/#breadcrumb\",\"itemListElement\":[{\"@type\":\"ListItem\",\"position\":1,\"name\":\"Accueil\",\"item\":\"https:\/\/staging.kpitrechiro.com\/\"},{\"@type\":\"ListItem\",\"position\":2,\"name\":\"Articles infolettre\",\"item\":\"https:\/\/staging.kpitrechiro.com\/index.php\/6-infolettre\/\"},{\"@type\":\"ListItem\",\"position\":3,\"name\":\"Condition trait\u00e9es\",\"item\":\"https:\/\/staging.kpitrechiro.com\/index.php\/6-infolettre\/condition-traitees\/\"},{\"@type\":\"ListItem\",\"position\":4,\"name\":\"Les probl\u00e8mes de m\u00e2choire (l\u2019articulation temporo-mandibulaire (ATM))\"}]},{\"@type\":\"WebSite\",\"@id\":\"https:\/\/staging.kpitrechiro.com\/#website\",\"url\":\"https:\/\/staging.kpitrechiro.com\/\",\"name\":\"Dre Kayla Pitre, chiropraticienne - Centre chiropratique de la sant\u00e9 vert\u00e9brale\",\"description\":\"Soyez la meilleure version de vous-m\u00eame !\",\"publisher\":{\"@id\":\"https:\/\/staging.kpitrechiro.com\/#organization\"},\"potentialAction\":[{\"@type\":\"SearchAction\",\"target\":{\"@type\":\"EntryPoint\",\"urlTemplate\":\"https:\/\/staging.kpitrechiro.com\/?s={search_term_string}\"},\"query-input\":\"required name=search_term_string\"}],\"inLanguage\":\"fr-FR\"},{\"@type\":\"Organization\",\"@id\":\"https:\/\/staging.kpitrechiro.com\/#organization\",\"name\":\"Dre Kayla Pitre, chiropraticienne - Centre chiropratique de la sant\u00e9 vert\u00e9brale\",\"url\":\"https:\/\/staging.kpitrechiro.com\/\",\"sameAs\":[],\"logo\":{\"@type\":\"ImageObject\",\"inLanguage\":\"fr-FR\",\"@id\":\"https:\/\/staging.kpitrechiro.com\/#\/schema\/logo\/image\/\",\"url\":\"https:\/\/staging.kpitrechiro.com\/wp-content\/uploads\/2020\/11\/cropped-LOGO-paint-fond-PNG-2.png\",\"contentUrl\":\"https:\/\/staging.kpitrechiro.com\/wp-content\/uploads\/2020\/11\/cropped-LOGO-paint-fond-PNG-2.png\",\"width\":712,\"height\":606,\"caption\":\"Dre Kayla Pitre, chiropraticienne - Centre chiropratique de la sant\u00e9 vert\u00e9brale\"},\"image\":{\"@id\":\"https:\/\/staging.kpitrechiro.com\/#\/schema\/logo\/image\/\"}}]}<\/script>\n<!-- \/ Yoast SEO plugin. -->","yoast_head_json":{"title":"Les probl\u00e8mes de m\u00e2choire (l\u2019articulation temporo-mandibulaire (ATM)) - Dre Kayla Pitre, chiropraticienne - Centre chiropratique de la sant\u00e9 vert\u00e9brale","robots":{"index":"index","follow":"follow","max-snippet":"max-snippet:-1","max-image-preview":"max-image-preview:large","max-video-preview":"max-video-preview:-1"},"canonical":"https:\/\/staging.kpitrechiro.com\/index.php\/6-infolettre\/condition-traitees\/les-problemes-de-machoire-larticulation-temporo-mandibulaire-atm\/","og_locale":"fr_FR","og_type":"article","og_title":"Les probl\u00e8mes de m\u00e2choire (l\u2019articulation temporo-mandibulaire (ATM)) - Dre Kayla Pitre, chiropraticienne - Centre chiropratique de la sant\u00e9 vert\u00e9brale","og_description":"Quelles sont les causes possibles&nbsp;: Bruxisme\/serrement des dents Tensions musculaires des muscles de la r\u00e9gion Traumatisme Stress Conditions dentaires Conditions inflammatoires D\u00e9rangement discale de l\u2019ATM Hyper ou hypomobilit\u00e9 Quels sont les signes et sympt\u00f4mes&nbsp;? Douleur \u00e0 l\u2019ATM, au visage, aux oreilles ou au cou Maux de t\u00eates Douleur \u00e0 la mastication ou au b\u00e2illement Limitation [&hellip;]","og_url":"https:\/\/staging.kpitrechiro.com\/index.php\/6-infolettre\/condition-traitees\/les-problemes-de-machoire-larticulation-temporo-mandibulaire-atm\/","og_site_name":"Dre Kayla Pitre, chiropraticienne - Centre chiropratique de la sant\u00e9 vert\u00e9brale","article_modified_time":"2022-05-05T20:22:06+00:00","og_image":[{"url":"https:\/\/staging.kpitrechiro.com\/wp-content\/uploads\/2022\/05\/atm.png"}],"twitter_card":"summary_large_image","twitter_misc":{"Dur\u00e9e de lecture estim\u00e9e":"1 minute"},"schema":{"@context":"https:\/\/schema.org","@graph":[{"@type":"WebPage","@id":"https:\/\/staging.kpitrechiro.com\/index.php\/6-infolettre\/condition-traitees\/les-problemes-de-machoire-larticulation-temporo-mandibulaire-atm\/","url":"https:\/\/staging.kpitrechiro.com\/index.php\/6-infolettre\/condition-traitees\/les-problemes-de-machoire-larticulation-temporo-mandibulaire-atm\/","name":"Les probl\u00e8mes de m\u00e2choire (l\u2019articulation temporo-mandibulaire (ATM)) - Dre Kayla Pitre, chiropraticienne - Centre chiropratique de la sant\u00e9 vert\u00e9brale","isPartOf":{"@id":"https:\/\/staging.kpitrechiro.com\/#website"},"datePublished":"2022-02-03T16:33:38+00:00","dateModified":"2022-05-05T20:22:06+00:00","breadcrumb":{"@id":"https:\/\/staging.kpitrechiro.com\/index.php\/6-infolettre\/condition-traitees\/les-problemes-de-machoire-larticulation-temporo-mandibulaire-atm\/#breadcrumb"},"inLanguage":"fr-FR","potentialAction":[{"@type":"ReadAction","target":["https:\/\/staging.kpitrechiro.com\/index.php\/6-infolettre\/condition-traitees\/les-problemes-de-machoire-larticulation-temporo-mandibulaire-atm\/"]}]},{"@type":"BreadcrumbList","@id":"https:\/\/staging.kpitrechiro.com\/index.php\/6-infolettre\/condition-traitees\/les-problemes-de-machoire-larticulation-temporo-mandibulaire-atm\/#breadcrumb","itemListElement":[{"@type":"ListItem","position":1,"name":"Accueil","item":"https:\/\/staging.kpitrechiro.com\/"},{"@type":"ListItem","position":2,"name":"Articles infolettre","item":"https:\/\/staging.kpitrechiro.com\/index.php\/6-infolettre\/"},{"@type":"ListItem","position":3,"name":"Condition trait\u00e9es","item":"https:\/\/staging.kpitrechiro.com\/index.php\/6-infolettre\/condition-traitees\/"},{"@type":"ListItem","position":4,"name":"Les probl\u00e8mes de m\u00e2choire (l\u2019articulation temporo-mandibulaire (ATM))"}]},{"@type":"WebSite","@id":"https:\/\/staging.kpitrechiro.com\/#website","url":"https:\/\/staging.kpitrechiro.com\/","name":"Dre Kayla Pitre, chiropraticienne - Centre chiropratique de la sant\u00e9 vert\u00e9brale","description":"Soyez la meilleure version de vous-m\u00eame !","publisher":{"@id":"https:\/\/staging.kpitrechiro.com\/#organization"},"potentialAction":[{"@type":"SearchAction","target":{"@type":"EntryPoint","urlTemplate":"https:\/\/staging.kpitrechiro.com\/?s={search_term_string}"},"query-input":"required name=search_term_string"}],"inLanguage":"fr-FR"},{"@type":"Organization","@id":"https:\/\/staging.kpitrechiro.com\/#organization","name":"Dre Kayla Pitre, chiropraticienne - Centre chiropratique de la sant\u00e9 vert\u00e9brale","url":"https:\/\/staging.kpitrechiro.com\/","sameAs":[],"logo":{"@type":"ImageObject","inLanguage":"fr-FR","@id":"https:\/\/staging.kpitrechiro.com\/#\/schema\/logo\/image\/","url":"https:\/\/staging.kpitrechiro.com\/wp-content\/uploads\/2020\/11\/cropped-LOGO-paint-fond-PNG-2.png","contentUrl":"https:\/\/staging.kpitrechiro.com\/wp-content\/uploads\/2020\/11\/cropped-LOGO-paint-fond-PNG-2.png","width":712,"height":606,"caption":"Dre Kayla Pitre, chiropraticienne - Centre chiropratique de la sant\u00e9 vert\u00e9brale"},"image":{"@id":"https:\/\/staging.kpitrechiro.com\/#\/schema\/logo\/image\/"}}]}},"_links":{"self":[{"href":"https:\/\/staging.kpitrechiro.com\/index.php\/wp-json\/wp\/v2\/pages\/687"}],"collection":[{"href":"https:\/\/staging.kpitrechiro.com\/index.php\/wp-json\/wp\/v2\/pages"}],"about":[{"href":"https:\/\/staging.kpitrechiro.com\/index.php\/wp-json\/wp\/v2\/types\/page"}],"author":[{"embeddable":true,"href":"https:\/\/staging.kpitrechiro.com\/index.php\/wp-json\/wp\/v2\/users\/1"}],"replies":[{"embeddable":true,"href":"https:\/\/staging.kpitrechiro.com\/index.php\/wp-json\/wp\/v2\/comments?post=687"}],"version-history":[{"count":4,"href":"https:\/\/staging.kpitrechiro.com\/index.php\/wp-json\/wp\/v2\/pages\/687\/revisions"}],"predecessor-version":[{"id":817,"href":"https:\/\/staging.kpitrechiro.com\/index.php\/wp-json\/wp\/v2\/pages\/687\/revisions\/817"}],"up":[{"embeddable":true,"href":"https:\/\/staging.kpitrechiro.com\/index.php\/wp-json\/wp\/v2\/pages\/531"}],"wp:attachment":[{"href":"https:\/\/staging.kpitrechiro.com\/index.php\/wp-json\/wp\/v2\/media?parent=687"}],"curies":[{"name":"wp","href":"https:\/\/api.w.org\/{rel}","templated":true}]}}