{"id":9,"date":"2020-03-26T20:03:46","date_gmt":"2020-03-26T20:03:46","guid":{"rendered":"https:\/\/chiropratiquesantepitre.wordpress.com\/?page_id=8"},"modified":"2024-06-05T14:11:51","modified_gmt":"2024-06-05T14:11:51","slug":"about","status":"publish","type":"page","link":"https:\/\/staging.kpitrechiro.com\/index.php\/about\/","title":{"rendered":"Qui suis-je ?"},"content":{"rendered":"\n<div class=\"wp-container-1 wp-block-group alignfull\"><div class=\"wp-block-group__inner-container\"><\/div><\/div>\n\n\n\n<div class=\"wp-container-2 wp-block-group\"><div class=\"wp-block-group__inner-container\"><div class=\"wp-block-image is-style-rounded\">\n<figure class=\"aligncenter size-large is-resized\"><img loading=\"lazy\" src=\"https:\/\/staging.kpitrechiro.com\/wp-content\/uploads\/2020\/11\/123466980_1089842181470850_6923754437747870677_n-1.png\" alt=\"\" class=\"wp-image-246\" width=\"282\" height=\"336\"\/><\/figure><\/div>\n\n\n<h2 class=\"has-text-align-center\">Dre Kayla Pitre, chiropraticienne, D.C.<\/h2>\n\n\n\n<p class=\"has-text-align-left\">Mon exp\u00e9rience avec la chiropratique a d\u00e9but\u00e9 d\u00e8s ma naissance. C\u2019\u00e9tait normal pour moi de bien manger, de faire de l\u2019exercice r\u00e9guli\u00e8rement, de me faire ajuster r\u00e9guli\u00e8rement et de n\u2019\u00eatre que tr\u00e8s rarement malade ou en douleur. Mais ce n\u2019est pas le cas pour tout le monde. J\u2019ai pu l\u2019apercevoir lorsque j\u2019ai commenc\u00e9e \u00e0 \u00eatre impliqu\u00e9e dans le monde de la chiropratique d\u00e8s l\u2019\u00e2ge de 14 ans lorsque j\u2019ai commenc\u00e9 \u00e0 travailler en tant qu\u2019assistante chiropratique.<\/p>\n\n\n\n<p>J\u2019ai pu voir \u00e0 travers ma pr\u00e9sence dans le domaine, ce que la chiropratique pouvait offrir aux gens et la reconnaissance de ceux-ci. Plusieurs retrouvaient leur sant\u00e9 apr\u00e8s avoir presque tout abandonn\u00e9. Et c\u2019est la chose la plus incroyable de pouvoir redonner ou maintenir la sant\u00e9 des gens et tout cela de mani\u00e8re naturelle!<\/p>\n\n\n\n<p>C\u2019est alors que j\u2019ai d\u00e9cid\u00e9 d\u2019entreprendre mon Doctorat en chiropratique \u00e0 l\u2019UQTR en septembre 2015 et ma passion pour la chiropratique ne fait que grandir de jour en jour. MA MISSION est de pouvoir vous aider \u00e0 retrouver et optimiser votre \u00e9tat de sant\u00e9 de mani\u00e8re naturelle afin de vous permettre d\u2019\u00eatre la meilleure version de vous-m\u00eame.<\/p>\n\n\n\n<hr class=\"wp-block-separator has-css-opacity is-style-dots\"\/>\n\n\n\n<h2>Ma formation<\/h2>\n\n\n\n<ul><li>DICPP (Diplomate in Clinical Chiropractic Pediatrics)\u00a0(2024-2026)<\/li><li>Doctorat de 1<sup>er<\/sup>\u00a0cycle en chiropratique de l\u2019Universit\u00e9 du Qu\u00e9bec \u00e0 Trois-Rivi\u00e8res\u00a0: (septembre 2015- mai 2020)<\/li><li>Baccalaur\u00e9at en biologie m\u00e9dicale\u00a0: (septembre 2012- d\u00e9cembre 2014)<\/li><li>RCR DEA (niveau C)\u00a0: (Juin 2024)<\/li><li>PDSB (Principes pour le d\u00e9placement s\u00e9curitaire des b\u00e9n\u00e9ficiaires)\u00a0: (Mai 2017)<\/li><\/ul>\n\n\n\n<h2>Mes implications<\/h2>\n\n\n\n<ul><li>Tr\u00e9sori\u00e8re Horizons Chiropratique (2015-2019)<\/li><li>R\u00e9dactrice en chef journal Ah!Justement (2016-2019)<\/li><li>Salon des a\u00een\u00e9s (Avril 2019)<\/li><li>Interne soigneur course chiropratique (Septembre 2019)<\/li><li>Mission humanitaire Ha\u00efti (Juillet 2019)<\/li><li>Thompson&nbsp; (2017-2018)<\/li><\/ul>\n<\/div><\/div>\n\n\n\n<div style=\"height:20px\" aria-hidden=\"true\" class=\"wp-block-spacer\"><\/div>\n","protected":false},"excerpt":{"rendered":"<p>Dre Kayla Pitre, chiropraticienne, D.C. Mon exp\u00e9rience avec la chiropratique a d\u00e9but\u00e9 d\u00e8s ma naissance. C\u2019\u00e9tait normal pour moi de bien manger, de faire de l\u2019exercice r\u00e9guli\u00e8rement, de me faire ajuster r\u00e9guli\u00e8rement et de n\u2019\u00eatre que tr\u00e8s rarement malade ou en douleur. Mais ce n\u2019est pas le cas pour tout le monde. J\u2019ai pu l\u2019apercevoir [&hellip;]<\/p>\n","protected":false},"author":1,"featured_media":0,"parent":0,"menu_order":0,"comment_status":"closed","ping_status":"closed","template":"","meta":[],"yoast_head":"<!-- This site is optimized with the Yoast SEO plugin v19.5.1 - https:\/\/yoast.com\/wordpress\/plugins\/seo\/ -->\n<title>Qui suis-je ? - Dre Kayla Pitre, chiropraticienne - Centre chiropratique de la sant\u00e9 vert\u00e9brale<\/title>\n<meta name=\"robots\" content=\"index, follow, max-snippet:-1, max-image-preview:large, max-video-preview:-1\" \/>\n<link rel=\"canonical\" href=\"https:\/\/staging.kpitrechiro.com\/index.php\/about\/\" \/>\n<meta property=\"og:locale\" content=\"fr_FR\" \/>\n<meta property=\"og:type\" content=\"article\" \/>\n<meta property=\"og:title\" content=\"Qui suis-je ? - Dre Kayla Pitre, chiropraticienne - Centre chiropratique de la sant\u00e9 vert\u00e9brale\" \/>\n<meta property=\"og:description\" content=\"Dre Kayla Pitre, chiropraticienne, D.C. Mon exp\u00e9rience avec la chiropratique a d\u00e9but\u00e9 d\u00e8s ma naissance. C\u2019\u00e9tait normal pour moi de bien manger, de faire de l\u2019exercice r\u00e9guli\u00e8rement, de me faire ajuster r\u00e9guli\u00e8rement et de n\u2019\u00eatre que tr\u00e8s rarement malade ou en douleur. Mais ce n\u2019est pas le cas pour tout le monde. J\u2019ai pu l\u2019apercevoir [&hellip;]\" \/>\n<meta property=\"og:url\" content=\"https:\/\/staging.kpitrechiro.com\/index.php\/about\/\" \/>\n<meta property=\"og:site_name\" content=\"Dre Kayla Pitre, chiropraticienne - Centre chiropratique de la sant\u00e9 vert\u00e9brale\" \/>\n<meta property=\"article:modified_time\" content=\"2024-06-05T14:11:51+00:00\" \/>\n<meta property=\"og:image\" content=\"https:\/\/staging.kpitrechiro.com\/wp-content\/uploads\/2020\/11\/123466980_1089842181470850_6923754437747870677_n-1.png\" \/>\n<meta name=\"twitter:card\" content=\"summary_large_image\" \/>\n<meta name=\"twitter:label1\" content=\"Dur\u00e9e de lecture estim\u00e9e\" \/>\n\t<meta name=\"twitter:data1\" content=\"2 minutes\" \/>\n<script type=\"application\/ld+json\" class=\"yoast-schema-graph\">{\"@context\":\"https:\/\/schema.org\",\"@graph\":[{\"@type\":\"WebPage\",\"@id\":\"https:\/\/staging.kpitrechiro.com\/index.php\/about\/\",\"url\":\"https:\/\/staging.kpitrechiro.com\/index.php\/about\/\",\"name\":\"Qui suis-je ? - Dre Kayla Pitre, chiropraticienne - Centre chiropratique de la sant\u00e9 vert\u00e9brale\",\"isPartOf\":{\"@id\":\"https:\/\/staging.kpitrechiro.com\/#website\"},\"datePublished\":\"2020-03-26T20:03:46+00:00\",\"dateModified\":\"2024-06-05T14:11:51+00:00\",\"breadcrumb\":{\"@id\":\"https:\/\/staging.kpitrechiro.com\/index.php\/about\/#breadcrumb\"},\"inLanguage\":\"fr-FR\",\"potentialAction\":[{\"@type\":\"ReadAction\",\"target\":[\"https:\/\/staging.kpitrechiro.com\/index.php\/about\/\"]}]},{\"@type\":\"BreadcrumbList\",\"@id\":\"https:\/\/staging.kpitrechiro.com\/index.php\/about\/#breadcrumb\",\"itemListElement\":[{\"@type\":\"ListItem\",\"position\":1,\"name\":\"Accueil\",\"item\":\"https:\/\/staging.kpitrechiro.com\/\"},{\"@type\":\"ListItem\",\"position\":2,\"name\":\"Qui suis-je ?\"}]},{\"@type\":\"WebSite\",\"@id\":\"https:\/\/staging.kpitrechiro.com\/#website\",\"url\":\"https:\/\/staging.kpitrechiro.com\/\",\"name\":\"Dre Kayla Pitre, chiropraticienne - Centre chiropratique de la sant\u00e9 vert\u00e9brale\",\"description\":\"Soyez la meilleure version de vous-m\u00eame !\",\"publisher\":{\"@id\":\"https:\/\/staging.kpitrechiro.com\/#organization\"},\"potentialAction\":[{\"@type\":\"SearchAction\",\"target\":{\"@type\":\"EntryPoint\",\"urlTemplate\":\"https:\/\/staging.kpitrechiro.com\/?s={search_term_string}\"},\"query-input\":\"required name=search_term_string\"}],\"inLanguage\":\"fr-FR\"},{\"@type\":\"Organization\",\"@id\":\"https:\/\/staging.kpitrechiro.com\/#organization\",\"name\":\"Dre Kayla Pitre, chiropraticienne - Centre chiropratique de la sant\u00e9 vert\u00e9brale\",\"url\":\"https:\/\/staging.kpitrechiro.com\/\",\"sameAs\":[],\"logo\":{\"@type\":\"ImageObject\",\"inLanguage\":\"fr-FR\",\"@id\":\"https:\/\/staging.kpitrechiro.com\/#\/schema\/logo\/image\/\",\"url\":\"https:\/\/staging.kpitrechiro.com\/wp-content\/uploads\/2020\/11\/cropped-LOGO-paint-fond-PNG-2.png\",\"contentUrl\":\"https:\/\/staging.kpitrechiro.com\/wp-content\/uploads\/2020\/11\/cropped-LOGO-paint-fond-PNG-2.png\",\"width\":712,\"height\":606,\"caption\":\"Dre Kayla Pitre, chiropraticienne - Centre chiropratique de la sant\u00e9 vert\u00e9brale\"},\"image\":{\"@id\":\"https:\/\/staging.kpitrechiro.com\/#\/schema\/logo\/image\/\"}}]}<\/script>\n<!-- \/ Yoast SEO plugin. -->","yoast_head_json":{"title":"Qui suis-je ? - Dre Kayla Pitre, chiropraticienne - Centre chiropratique de la sant\u00e9 vert\u00e9brale","robots":{"index":"index","follow":"follow","max-snippet":"max-snippet:-1","max-image-preview":"max-image-preview:large","max-video-preview":"max-video-preview:-1"},"canonical":"https:\/\/staging.kpitrechiro.com\/index.php\/about\/","og_locale":"fr_FR","og_type":"article","og_title":"Qui suis-je ? - Dre Kayla Pitre, chiropraticienne - Centre chiropratique de la sant\u00e9 vert\u00e9brale","og_description":"Dre Kayla Pitre, chiropraticienne, D.C. Mon exp\u00e9rience avec la chiropratique a d\u00e9but\u00e9 d\u00e8s ma naissance. C\u2019\u00e9tait normal pour moi de bien manger, de faire de l\u2019exercice r\u00e9guli\u00e8rement, de me faire ajuster r\u00e9guli\u00e8rement et de n\u2019\u00eatre que tr\u00e8s rarement malade ou en douleur. Mais ce n\u2019est pas le cas pour tout le monde. J\u2019ai pu l\u2019apercevoir [&hellip;]","og_url":"https:\/\/staging.kpitrechiro.com\/index.php\/about\/","og_site_name":"Dre Kayla Pitre, chiropraticienne - Centre chiropratique de la sant\u00e9 vert\u00e9brale","article_modified_time":"2024-06-05T14:11:51+00:00","og_image":[{"url":"https:\/\/staging.kpitrechiro.com\/wp-content\/uploads\/2020\/11\/123466980_1089842181470850_6923754437747870677_n-1.png"}],"twitter_card":"summary_large_image","twitter_misc":{"Dur\u00e9e de lecture estim\u00e9e":"2 minutes"},"schema":{"@context":"https:\/\/schema.org","@graph":[{"@type":"WebPage","@id":"https:\/\/staging.kpitrechiro.com\/index.php\/about\/","url":"https:\/\/staging.kpitrechiro.com\/index.php\/about\/","name":"Qui suis-je ? - Dre Kayla Pitre, chiropraticienne - Centre chiropratique de la sant\u00e9 vert\u00e9brale","isPartOf":{"@id":"https:\/\/staging.kpitrechiro.com\/#website"},"datePublished":"2020-03-26T20:03:46+00:00","dateModified":"2024-06-05T14:11:51+00:00","breadcrumb":{"@id":"https:\/\/staging.kpitrechiro.com\/index.php\/about\/#breadcrumb"},"inLanguage":"fr-FR","potentialAction":[{"@type":"ReadAction","target":["https:\/\/staging.kpitrechiro.com\/index.php\/about\/"]}]},{"@type":"BreadcrumbList","@id":"https:\/\/staging.kpitrechiro.com\/index.php\/about\/#breadcrumb","itemListElement":[{"@type":"ListItem","position":1,"name":"Accueil","item":"https:\/\/staging.kpitrechiro.com\/"},{"@type":"ListItem","position":2,"name":"Qui suis-je ?"}]},{"@type":"WebSite","@id":"https:\/\/staging.kpitrechiro.com\/#website","url":"https:\/\/staging.kpitrechiro.com\/","name":"Dre Kayla Pitre, chiropraticienne - Centre chiropratique de la sant\u00e9 vert\u00e9brale","description":"Soyez la meilleure version de vous-m\u00eame !","publisher":{"@id":"https:\/\/staging.kpitrechiro.com\/#organization"},"potentialAction":[{"@type":"SearchAction","target":{"@type":"EntryPoint","urlTemplate":"https:\/\/staging.kpitrechiro.com\/?s={search_term_string}"},"query-input":"required name=search_term_string"}],"inLanguage":"fr-FR"},{"@type":"Organization","@id":"https:\/\/staging.kpitrechiro.com\/#organization","name":"Dre Kayla Pitre, chiropraticienne - Centre chiropratique de la sant\u00e9 vert\u00e9brale","url":"https:\/\/staging.kpitrechiro.com\/","sameAs":[],"logo":{"@type":"ImageObject","inLanguage":"fr-FR","@id":"https:\/\/staging.kpitrechiro.com\/#\/schema\/logo\/image\/","url":"https:\/\/staging.kpitrechiro.com\/wp-content\/uploads\/2020\/11\/cropped-LOGO-paint-fond-PNG-2.png","contentUrl":"https:\/\/staging.kpitrechiro.com\/wp-content\/uploads\/2020\/11\/cropped-LOGO-paint-fond-PNG-2.png","width":712,"height":606,"caption":"Dre Kayla Pitre, chiropraticienne - Centre chiropratique de la sant\u00e9 vert\u00e9brale"},"image":{"@id":"https:\/\/staging.kpitrechiro.com\/#\/schema\/logo\/image\/"}}]}},"_links":{"self":[{"href":"https:\/\/staging.kpitrechiro.com\/index.php\/wp-json\/wp\/v2\/pages\/9"}],"collection":[{"href":"https:\/\/staging.kpitrechiro.com\/index.php\/wp-json\/wp\/v2\/pages"}],"about":[{"href":"https:\/\/staging.kpitrechiro.com\/index.php\/wp-json\/wp\/v2\/types\/page"}],"author":[{"embeddable":true,"href":"https:\/\/staging.kpitrechiro.com\/index.php\/wp-json\/wp\/v2\/users\/1"}],"replies":[{"embeddable":true,"href":"https:\/\/staging.kpitrechiro.com\/index.php\/wp-json\/wp\/v2\/comments?post=9"}],"version-history":[{"count":9,"href":"https:\/\/staging.kpitrechiro.com\/index.php\/wp-json\/wp\/v2\/pages\/9\/revisions"}],"predecessor-version":[{"id":1071,"href":"https:\/\/staging.kpitrechiro.com\/index.php\/wp-json\/wp\/v2\/pages\/9\/revisions\/1071"}],"wp:attachment":[{"href":"https:\/\/staging.kpitrechiro.com\/index.php\/wp-json\/wp\/v2\/media?parent=9"}],"curies":[{"name":"wp","href":"https:\/\/api.w.org\/{rel}","templated":true}]}}