{"id":920,"date":"2023-02-23T16:00:52","date_gmt":"2023-02-23T16:00:52","guid":{"rendered":"https:\/\/staging.kpitrechiro.com\/?page_id=920"},"modified":"2023-02-23T16:00:53","modified_gmt":"2023-02-23T16:00:53","slug":"le-syndrome-du-piriforme","status":"publish","type":"page","link":"https:\/\/staging.kpitrechiro.com\/index.php\/6-infolettre\/condition-traitees\/le-syndrome-du-piriforme\/","title":{"rendered":"Le syndrome du piriforme"},"content":{"rendered":"<div class=\"wp-block-image\">\n<figure class=\"aligncenter size-full\"><img loading=\"lazy\" width=\"369\" height=\"258\" src=\"https:\/\/staging.kpitrechiro.com\/wp-content\/uploads\/2023\/02\/pirifomre.jpg\" alt=\"\" class=\"wp-image-921\" srcset=\"https:\/\/staging.kpitrechiro.com\/wp-content\/uploads\/2023\/02\/pirifomre.jpg 369w, https:\/\/staging.kpitrechiro.com\/wp-content\/uploads\/2023\/02\/pirifomre-300x210.jpg 300w\" sizes=\"(max-width: 369px) 100vw, 369px\" \/><\/figure><\/div>\n\n\n<p>Ce syndrome peut causer des douleurs sciatiques.<\/p>\n\n\n\n<p><strong><span style=\"text-decoration: underline;\">Qu\u2019est-ce que le piriforme?<\/span><\/strong><br>C\u2019est un muscle qui se retrouve dans la fesse qui participe aux mouvements du bassin et de la jambe. Il origine sur le sacrum et s\u2019attache au niveau du f\u00e9mur.<br><br><strong><span style=\"text-decoration: underline;\">Qu\u2019est-ce que le syndrome du piriforme<\/span><\/strong><br>Sous le piriforme, passe le fameux nerf sciatique. Une contraction ou spasme du muscle peut causer des sympt\u00f4mes d\u2019une compression du nerf sciatique. La compression du nerf par le muscle est tr\u00e8s rare, c\u2019est plut\u00f4t une irritation du nerf par l\u2019inflammation dans la r\u00e9gion.<br><br><strong><span style=\"text-decoration: underline;\">Quels sont les sympt\u00f4mes?<\/span><\/strong><\/p>\n\n\n\n<ul><li>Picotements ou engourdissement de la fesse et l\u2019arri\u00e8re de la cuisse et du mollet pouvant aller jusqu\u2019au pied<\/li><li>Douleurs dans le bas du dos\/fesse<\/li><li>Augmentation de la douleur lorsque assis sur des surfaces dures (bol de toilette, chaise de cuisine etc..)<\/li><\/ul>\n\n\n\n<p><strong><span style=\"text-decoration: underline;\">Quels sont les causes ?<\/span><\/strong><\/p>\n\n\n\n<ul><li><strong>T<\/strong>raumatisme<\/li><li>Surutilisation<\/li><li>Mauvaises postures<\/li><\/ul>\n\n\n\n<p><strong><span style=\"text-decoration: underline;\">Qu\u2019est-ce que je peux faire ?<\/span><\/strong><br>Avec un examen chiropratique complet, le chiropraticien sera en mesure de diagnostiquer ce syndrome. Le plan de traitement consiste en du travail musculaire, des ajustements du bassin et du bas du dos, des exercices ainsi que diff\u00e9rents conseils ergonomiques.<\/p>\n\n\n\n<p>Une autre condition pouvant donner des douleurs sciatique est l&rsquo;hernie discale. Pour en apprendre davantage, consulter l&rsquo;article<a href=\"https:\/\/staging.kpitrechiro.com\/index.php\/6-infolettre\/condition-traitees\/les-hernies-discales\/\"> ici.<\/a><\/p>\n","protected":false},"excerpt":{"rendered":"<p>Ce syndrome peut causer des douleurs sciatiques. Qu\u2019est-ce que le piriforme?C\u2019est un muscle qui se retrouve dans la fesse qui participe aux mouvements du bassin et de la jambe. Il origine sur le sacrum et s\u2019attache au niveau du f\u00e9mur. Qu\u2019est-ce que le syndrome du piriformeSous le piriforme, passe le fameux nerf sciatique. Une contraction [&hellip;]<\/p>\n","protected":false},"author":1,"featured_media":0,"parent":531,"menu_order":0,"comment_status":"closed","ping_status":"closed","template":"","meta":[],"yoast_head":"<!-- This site is optimized with the Yoast SEO plugin v19.5.1 - https:\/\/yoast.com\/wordpress\/plugins\/seo\/ -->\n<title>Le syndrome du piriforme - Dre Kayla Pitre, chiropraticienne - Centre chiropratique de la sant\u00e9 vert\u00e9brale<\/title>\n<meta name=\"description\" content=\"Qu&#039;est-ce que le piriforme? Qu&#039;est-ce que le syndrome du piriforme? Quels sont les sympt\u00f4mes et les causes? Que pouvez-vous faire ?\" \/>\n<meta name=\"robots\" content=\"index, follow, max-snippet:-1, max-image-preview:large, max-video-preview:-1\" \/>\n<link rel=\"canonical\" href=\"https:\/\/staging.kpitrechiro.com\/index.php\/6-infolettre\/condition-traitees\/le-syndrome-du-piriforme\/\" \/>\n<meta property=\"og:locale\" content=\"fr_FR\" \/>\n<meta property=\"og:type\" content=\"article\" \/>\n<meta property=\"og:title\" content=\"Le syndrome du piriforme - Dre Kayla Pitre, chiropraticienne - Centre chiropratique de la sant\u00e9 vert\u00e9brale\" \/>\n<meta property=\"og:description\" content=\"Qu&#039;est-ce que le piriforme? Qu&#039;est-ce que le syndrome du piriforme? Quels sont les sympt\u00f4mes et les causes? Que pouvez-vous faire ?\" \/>\n<meta property=\"og:url\" content=\"https:\/\/staging.kpitrechiro.com\/index.php\/6-infolettre\/condition-traitees\/le-syndrome-du-piriforme\/\" \/>\n<meta property=\"og:site_name\" content=\"Dre Kayla Pitre, chiropraticienne - Centre chiropratique de la sant\u00e9 vert\u00e9brale\" \/>\n<meta property=\"article:modified_time\" content=\"2023-02-23T16:00:53+00:00\" \/>\n<meta property=\"og:image\" content=\"https:\/\/staging.kpitrechiro.com\/wp-content\/uploads\/2023\/02\/pirifomre.jpg\" \/>\n<meta name=\"twitter:card\" content=\"summary_large_image\" \/>\n<meta name=\"twitter:label1\" content=\"Dur\u00e9e de lecture estim\u00e9e\" \/>\n\t<meta name=\"twitter:data1\" content=\"2 minutes\" \/>\n<script type=\"application\/ld+json\" class=\"yoast-schema-graph\">{\"@context\":\"https:\/\/schema.org\",\"@graph\":[{\"@type\":\"WebPage\",\"@id\":\"https:\/\/staging.kpitrechiro.com\/index.php\/6-infolettre\/condition-traitees\/le-syndrome-du-piriforme\/\",\"url\":\"https:\/\/staging.kpitrechiro.com\/index.php\/6-infolettre\/condition-traitees\/le-syndrome-du-piriforme\/\",\"name\":\"Le syndrome du piriforme - Dre Kayla Pitre, chiropraticienne - Centre chiropratique de la sant\u00e9 vert\u00e9brale\",\"isPartOf\":{\"@id\":\"https:\/\/staging.kpitrechiro.com\/#website\"},\"datePublished\":\"2023-02-23T16:00:52+00:00\",\"dateModified\":\"2023-02-23T16:00:53+00:00\",\"description\":\"Qu'est-ce que le piriforme? Qu'est-ce que le syndrome du piriforme? Quels sont les sympt\u00f4mes et les causes? Que pouvez-vous faire ?\",\"breadcrumb\":{\"@id\":\"https:\/\/staging.kpitrechiro.com\/index.php\/6-infolettre\/condition-traitees\/le-syndrome-du-piriforme\/#breadcrumb\"},\"inLanguage\":\"fr-FR\",\"potentialAction\":[{\"@type\":\"ReadAction\",\"target\":[\"https:\/\/staging.kpitrechiro.com\/index.php\/6-infolettre\/condition-traitees\/le-syndrome-du-piriforme\/\"]}]},{\"@type\":\"BreadcrumbList\",\"@id\":\"https:\/\/staging.kpitrechiro.com\/index.php\/6-infolettre\/condition-traitees\/le-syndrome-du-piriforme\/#breadcrumb\",\"itemListElement\":[{\"@type\":\"ListItem\",\"position\":1,\"name\":\"Accueil\",\"item\":\"https:\/\/staging.kpitrechiro.com\/\"},{\"@type\":\"ListItem\",\"position\":2,\"name\":\"Articles infolettre\",\"item\":\"https:\/\/staging.kpitrechiro.com\/index.php\/6-infolettre\/\"},{\"@type\":\"ListItem\",\"position\":3,\"name\":\"Condition trait\u00e9es\",\"item\":\"https:\/\/staging.kpitrechiro.com\/index.php\/6-infolettre\/condition-traitees\/\"},{\"@type\":\"ListItem\",\"position\":4,\"name\":\"Le syndrome du piriforme\"}]},{\"@type\":\"WebSite\",\"@id\":\"https:\/\/staging.kpitrechiro.com\/#website\",\"url\":\"https:\/\/staging.kpitrechiro.com\/\",\"name\":\"Dre Kayla Pitre, chiropraticienne - Centre chiropratique de la sant\u00e9 vert\u00e9brale\",\"description\":\"Soyez la meilleure version de vous-m\u00eame !\",\"publisher\":{\"@id\":\"https:\/\/staging.kpitrechiro.com\/#organization\"},\"potentialAction\":[{\"@type\":\"SearchAction\",\"target\":{\"@type\":\"EntryPoint\",\"urlTemplate\":\"https:\/\/staging.kpitrechiro.com\/?s={search_term_string}\"},\"query-input\":\"required name=search_term_string\"}],\"inLanguage\":\"fr-FR\"},{\"@type\":\"Organization\",\"@id\":\"https:\/\/staging.kpitrechiro.com\/#organization\",\"name\":\"Dre Kayla Pitre, chiropraticienne - Centre chiropratique de la sant\u00e9 vert\u00e9brale\",\"url\":\"https:\/\/staging.kpitrechiro.com\/\",\"sameAs\":[],\"logo\":{\"@type\":\"ImageObject\",\"inLanguage\":\"fr-FR\",\"@id\":\"https:\/\/staging.kpitrechiro.com\/#\/schema\/logo\/image\/\",\"url\":\"https:\/\/staging.kpitrechiro.com\/wp-content\/uploads\/2020\/11\/cropped-LOGO-paint-fond-PNG-2.png\",\"contentUrl\":\"https:\/\/staging.kpitrechiro.com\/wp-content\/uploads\/2020\/11\/cropped-LOGO-paint-fond-PNG-2.png\",\"width\":712,\"height\":606,\"caption\":\"Dre Kayla Pitre, chiropraticienne - Centre chiropratique de la sant\u00e9 vert\u00e9brale\"},\"image\":{\"@id\":\"https:\/\/staging.kpitrechiro.com\/#\/schema\/logo\/image\/\"}}]}<\/script>\n<!-- \/ Yoast SEO plugin. -->","yoast_head_json":{"title":"Le syndrome du piriforme - Dre Kayla Pitre, chiropraticienne - Centre chiropratique de la sant\u00e9 vert\u00e9brale","description":"Qu'est-ce que le piriforme? Qu'est-ce que le syndrome du piriforme? Quels sont les sympt\u00f4mes et les causes? Que pouvez-vous faire ?","robots":{"index":"index","follow":"follow","max-snippet":"max-snippet:-1","max-image-preview":"max-image-preview:large","max-video-preview":"max-video-preview:-1"},"canonical":"https:\/\/staging.kpitrechiro.com\/index.php\/6-infolettre\/condition-traitees\/le-syndrome-du-piriforme\/","og_locale":"fr_FR","og_type":"article","og_title":"Le syndrome du piriforme - Dre Kayla Pitre, chiropraticienne - Centre chiropratique de la sant\u00e9 vert\u00e9brale","og_description":"Qu'est-ce que le piriforme? Qu'est-ce que le syndrome du piriforme? Quels sont les sympt\u00f4mes et les causes? Que pouvez-vous faire ?","og_url":"https:\/\/staging.kpitrechiro.com\/index.php\/6-infolettre\/condition-traitees\/le-syndrome-du-piriforme\/","og_site_name":"Dre Kayla Pitre, chiropraticienne - Centre chiropratique de la sant\u00e9 vert\u00e9brale","article_modified_time":"2023-02-23T16:00:53+00:00","og_image":[{"url":"https:\/\/staging.kpitrechiro.com\/wp-content\/uploads\/2023\/02\/pirifomre.jpg"}],"twitter_card":"summary_large_image","twitter_misc":{"Dur\u00e9e de lecture estim\u00e9e":"2 minutes"},"schema":{"@context":"https:\/\/schema.org","@graph":[{"@type":"WebPage","@id":"https:\/\/staging.kpitrechiro.com\/index.php\/6-infolettre\/condition-traitees\/le-syndrome-du-piriforme\/","url":"https:\/\/staging.kpitrechiro.com\/index.php\/6-infolettre\/condition-traitees\/le-syndrome-du-piriforme\/","name":"Le syndrome du piriforme - Dre Kayla Pitre, chiropraticienne - Centre chiropratique de la sant\u00e9 vert\u00e9brale","isPartOf":{"@id":"https:\/\/staging.kpitrechiro.com\/#website"},"datePublished":"2023-02-23T16:00:52+00:00","dateModified":"2023-02-23T16:00:53+00:00","description":"Qu'est-ce que le piriforme? Qu'est-ce que le syndrome du piriforme? Quels sont les sympt\u00f4mes et les causes? Que pouvez-vous faire ?","breadcrumb":{"@id":"https:\/\/staging.kpitrechiro.com\/index.php\/6-infolettre\/condition-traitees\/le-syndrome-du-piriforme\/#breadcrumb"},"inLanguage":"fr-FR","potentialAction":[{"@type":"ReadAction","target":["https:\/\/staging.kpitrechiro.com\/index.php\/6-infolettre\/condition-traitees\/le-syndrome-du-piriforme\/"]}]},{"@type":"BreadcrumbList","@id":"https:\/\/staging.kpitrechiro.com\/index.php\/6-infolettre\/condition-traitees\/le-syndrome-du-piriforme\/#breadcrumb","itemListElement":[{"@type":"ListItem","position":1,"name":"Accueil","item":"https:\/\/staging.kpitrechiro.com\/"},{"@type":"ListItem","position":2,"name":"Articles infolettre","item":"https:\/\/staging.kpitrechiro.com\/index.php\/6-infolettre\/"},{"@type":"ListItem","position":3,"name":"Condition trait\u00e9es","item":"https:\/\/staging.kpitrechiro.com\/index.php\/6-infolettre\/condition-traitees\/"},{"@type":"ListItem","position":4,"name":"Le syndrome du piriforme"}]},{"@type":"WebSite","@id":"https:\/\/staging.kpitrechiro.com\/#website","url":"https:\/\/staging.kpitrechiro.com\/","name":"Dre Kayla Pitre, chiropraticienne - Centre chiropratique de la sant\u00e9 vert\u00e9brale","description":"Soyez la meilleure version de vous-m\u00eame !","publisher":{"@id":"https:\/\/staging.kpitrechiro.com\/#organization"},"potentialAction":[{"@type":"SearchAction","target":{"@type":"EntryPoint","urlTemplate":"https:\/\/staging.kpitrechiro.com\/?s={search_term_string}"},"query-input":"required name=search_term_string"}],"inLanguage":"fr-FR"},{"@type":"Organization","@id":"https:\/\/staging.kpitrechiro.com\/#organization","name":"Dre Kayla Pitre, chiropraticienne - Centre chiropratique de la sant\u00e9 vert\u00e9brale","url":"https:\/\/staging.kpitrechiro.com\/","sameAs":[],"logo":{"@type":"ImageObject","inLanguage":"fr-FR","@id":"https:\/\/staging.kpitrechiro.com\/#\/schema\/logo\/image\/","url":"https:\/\/staging.kpitrechiro.com\/wp-content\/uploads\/2020\/11\/cropped-LOGO-paint-fond-PNG-2.png","contentUrl":"https:\/\/staging.kpitrechiro.com\/wp-content\/uploads\/2020\/11\/cropped-LOGO-paint-fond-PNG-2.png","width":712,"height":606,"caption":"Dre Kayla Pitre, chiropraticienne - Centre chiropratique de la sant\u00e9 vert\u00e9brale"},"image":{"@id":"https:\/\/staging.kpitrechiro.com\/#\/schema\/logo\/image\/"}}]}},"_links":{"self":[{"href":"https:\/\/staging.kpitrechiro.com\/index.php\/wp-json\/wp\/v2\/pages\/920"}],"collection":[{"href":"https:\/\/staging.kpitrechiro.com\/index.php\/wp-json\/wp\/v2\/pages"}],"about":[{"href":"https:\/\/staging.kpitrechiro.com\/index.php\/wp-json\/wp\/v2\/types\/page"}],"author":[{"embeddable":true,"href":"https:\/\/staging.kpitrechiro.com\/index.php\/wp-json\/wp\/v2\/users\/1"}],"replies":[{"embeddable":true,"href":"https:\/\/staging.kpitrechiro.com\/index.php\/wp-json\/wp\/v2\/comments?post=920"}],"version-history":[{"count":1,"href":"https:\/\/staging.kpitrechiro.com\/index.php\/wp-json\/wp\/v2\/pages\/920\/revisions"}],"predecessor-version":[{"id":922,"href":"https:\/\/staging.kpitrechiro.com\/index.php\/wp-json\/wp\/v2\/pages\/920\/revisions\/922"}],"up":[{"embeddable":true,"href":"https:\/\/staging.kpitrechiro.com\/index.php\/wp-json\/wp\/v2\/pages\/531"}],"wp:attachment":[{"href":"https:\/\/staging.kpitrechiro.com\/index.php\/wp-json\/wp\/v2\/media?parent=920"}],"curies":[{"name":"wp","href":"https:\/\/api.w.org\/{rel}","templated":true}]}}